 a composite number?
False
Is 389 a composite number?
False
Is 28201 prime?
True
Is 7283 a composite number?
False
Is 46862 prime?
False
Is 9349 a composite number?
False
Is 230729 a composite number?
False
Is 19291 composite?
True
Is 114013 prime?
True
Is 965093 a prime number?
False
Is 51277 a composite number?
True
Is 133211 a prime number?
False
Is 230114 a composite number?
True
Is 2185633 composite?
True
Is 5567 prime?
False
Is 140269 a composite number?
False
Is 84629 prime?
True
Is 1154467 composite?
False
Is 27862 composite?
True
Is 6159 a composite number?
True
Is 1739 composite?
True
Is 45053 a composite number?
False
Is 1074314 composite?
True
Is 39778 a composite number?
True
Is 20759 composite?
False
Is 29306 prime?
False
Is 121823 composite?
True
Is 359837 a prime number?
True
Is 3589 composite?
True
Is 22853 a prime number?
True
Is 2741 prime?
True
Is 6353 composite?
False
Is 79109 composite?
True
Is 74809 prime?
False
Is 956723 a prime number?
True
Is 10793 a prime number?
False
Is 145291 prime?
False
Is 70613 a prime number?
False
Is 5791 composite?
False
Is 358574 a composite number?
True
Is 170293 a prime number?
True
Is 21427 a composite number?
True
Is 482539 a prime number?
True
Is 3039583 prime?
False
Is 20611 a composite number?
False
Is 20635 prime?
False
Is 19661 a composite number?
False
Is 3433229 composite?
False
Is 40673 composite?
True
Is 276739 a composite number?
False
Is 757 a composite number?
False
Is 3791 composite?
True
Is 199151 prime?
True
Is 75917 a composite number?
True
Is 3779 a composite number?
False
Is 1003 composite?
True
Is 98509 prime?
False
Is 31177 a prime number?
True
Is 1570577 prime?
True
Is 15569 prime?
True
Is 97571 composite?
False
Is 330323 a prime number?
False
Is 30241 composite?
False
Is 7369 a prime number?
True
Is 5639 prime?
True
Is 432638 a prime number?
False
Is 8513 a prime number?
True
Is 527053 a prime number?
True
Is 14597 a composite number?
True
Is 2053 a prime number?
True
Is 339433 composite?
False
Is 21871 composite?
False
Is 88277 a prime number?
False
Is 34885 a composite number?
True
Is 39757 prime?
False
Is 167593 prime?
True
Is 135393 a prime number?
False
Is 309667 composite?
False
Is 6449 composite?
False
Is 150359 prime?
False
Is 23003 composite?
False
Is 101201 a prime number?
False
Is 26377 a prime number?
False
Is 1372567 composite?
True
Is 32971 composite?
False
Is 50419 prime?
False
Is 8923 prime?
True
Is 505481 prime?
True
Is 672121 a composite number?
True
Is 120605 prime?
False
Is 5737 prime?
True
Is 68947 a prime number?
True
Is 20005 a prime number?
False
Is 631831 composite?
True
Is 16963 composite?
False
Is 71663 prime?
True
Is 602947 a composite number?
False
Is 25195 a composite number?
True
Is 1516087 a prime number?
True
Is 983819 a composite number?
False
Is 1160351 prime?
True
Is 35769 prime?
False
Is 1761 a prime number?
False
Is 111721 a composite number?
False
Is 15253 composite?
True
Is 43481 composite?
False
Is 3293 a prime number?
False
Is 68771 a prime number?
True
Is 133631 composite?
False
Is 168979 a prime number?
False
Is 1068871 prime?
True
Is 16333 composite?
False
Is 9347885 composite?
True
Is 30271 prime?
True
Is 16223 a composite number?
False
Is 765293 a prime number?
True
Is 391 a prime number?
False
Is 5839 a composite number?
False
Is 74561 a composite number?
False
Is 1243511 composite?
False
Is 44053 prime?
True
Is 24457 prime?
False
Is 98965 a prime number?
False
Is 29071 composite?
True
Is 5623 a composite number?
False
Is 2779 a prime number?
False
Is 1553 prime?
True
Is 63221 composite?
True
Is 4903 a composite number?
False
Is 298 composite?
True
Is 1930793 composite?
False
Is 1589 a prime number?
False
Is 4541 composite?
True
Is 1343 prime?
False
Is 534349 a composite number?
True
Is 191 a prime number?
True
Is 51283 prime?
True
Is 81157 a prime number?
True
Is 74131 a composite number?
False
Is 639757 a composite number?
False
Is 1134833 composite?
True
Is 10151 a composite number?
False
Is 37753 a composite number?
True
Is 58 a prime number?
False
Is 434909 a prime number?
True
Is 34249 a composite number?
True
Is 3299 composite?
False
Is 42493 prime?
False
Is 22051 prime?
True
Is 39293 composite?
False
Is 152239 a composite number?
False
Is 1073851 a composite number?
True
Is 243467 composite?
True
Is 13093 composite?
False
Is 15679 a composite number?
False
Is 3359 composite?
False
Is 219901 a prime number?
False
Is 246671 a composite number?
True
Is 166087 composite?
True
Is 315247 prime?
True
Is 93361 composite?
True
Is 43391 composite?
False
Is 3613063 prime?
False
Is 528091 a composite number?
False
Is 145835 composite?
True
Is 384599 composite?
False
Is 20171 composite?
True
Is 6585455 composite?
True
Is 734257 composite?
True
Is 91837 prime?
True
Is 27349 prime?
False
Is 4997 prime?
False
Is 89969 prime?
False
Is 3719 prime?
True
Is 7261727 a prime number?
False
Is 15905 prime?
False
Is 4101 prime?
False
Is 34691 prime?
False
Is 805531 a prime number?
True
Is 379973 a composite number?
True
Is 7853 a composite number?
False
Is 13071 composite?
True
Is 2921 a prime number?
False
Is 609097 a composite number?
True
Is 79481 prime?
True
Is 101483 prime?
True
Is 8002 prime?
False
Is 7419 prime?
False
Is 2819 a composite number?
False
Is 2291 a prime number?
False
Is 669673 composite?
False
Is 109537 a composite number?
False
Is 54913 prime?
False
Is 6247 prime?
True
Is 720397 a prime number?
True
Is 19853 composite?
False
Is 16811 prime?
True
Is 6761 prime?
True
Is 38593 prime?
True
Is 18107 a prime number?
False
Is 25819 a composite number?
False
Is 465467 a prime number?
False
Is 20697 prime?
False
Is 10183 a composite number?
True
Is 4699 a composite number?
True
Is 16613 a composite number?
True
Is 5051 a prime number?
True
Is 92903 composite?
True
Is 29273 a composite number?
True
Is 16619 a composite number?
False
Is 56711 a composite number?
False
Is 13667 composite?
True
Is 65177 a composite number?
True
Is 240997 prime?
True
Is 10037 composite?
False
Is 326939 a composite number?
False
Is 30869 a prime number?
True
Is 453527 a composite number?
False
Is 1170311 a composite number?
False
Is 2077 a composite number?
True
Is 536803 composite?
False
Is 7681 a prime number?
True
Is 542999 composite?
False
Is 17707 prime?
True
Is 81223 prime?
True
Is 600491 prime?
False
Is 4645 a prime number?
False
Is 16945 a composite number?
True
Is 26087 prime?
False
Is 21697 a prime number?
False
Is 29459 composite?
True
Is 4367 prime?
False
Is 2008871 a prime number?
True
Is 1957 a prime number?
False
Is 16163 a composite number?
True
Is 160117 a prime number?
True
Is 809 composite?
False
Is 24071 prime?
True
Is 57637 a composite number?
False
Is 6814 composite?
True
Is 120167 a composite number?
False
Is 5294 a composite number?
True
Is 676211 prime?
True
Is 1550819 a prime number?
True
Is 191783 prime?
True
Is 282221 prime?
True
Is 145 prime?
False
Is 8563 composite?
False
Is 2579 a prime number?
True
Is 58483 a prime number?
False
Is 642841 prime?
False
Is 42821 a prime number?
True
Is 135886 composite?
True
Is 12793 a composite number?
True
Is 1954 a composite number?
True
Is 29905 composite?
True
Is 1269757 a prime number?
True
Is 15357 a prime number?
False
Is 298817 a prime number?
True
Is 273083 composite?
False
Is 1806853 prime?
False
Is 9466955 a composite number?
True
Is 187163 composite?
False
Is 14879 composite?
False
Is 177663 a prime number?
False
Is 76811 a prime number?
False
Is 91281 prime?
False
Is 75121 a composite number?
True
Is 200063 a prime number?
True
Is 44471 composite?
True
Is 3437 composite?
True
Is 25429 a composite number?
True
Is 51767 a composite number?
False
Is 212071 a composite number?
True
Is 2777831 composite?
True
Is 503249 a prime number?
True
Is 50305 composite?
True
Is 1166439 a composite number?
True
Is 10883 composite?
False
Is 109189 a prime number?
False
Is 26627 composite?
False
Is 36887 composite?
False
Is 2859265 a prime number?
False
Is 199997 composite?
True
Is 11183 composite?
True
Is 414695 a composite number?
True
Is 392321 prime?
True
Is 7129 a prime number?
True
Is 33149 a composite number?
False
Is 97135 a prime number?
False
Is 144471 prime?
False
Is 880